-4)/(-8). Let y(f) = -2*f**2 - 7*f - 4. Calculate y(c).
-8
Let r(p) be the second derivative of p**5/20 - p**4/6 + p**3/2 + p**2/2 - 15*p. What is r(3)?
19
Let u be 3/((-9)/4)*-3. Let p(j) = -j**2 + 6*j - 2. Let b be p(5). Let z(t) = -4*t**2 + 0*t**2 - 3 + 1 + 6*t + b*t**2. Give z(u).
6
Let u(m) = -m**3 + 6*m**2 - m + 3. Suppose -5*t + t + 2*w + 30 = 0, 4*w - 18 = -5*t. Determine u(t).
-3
Suppose -x + 5*o = -9, -2*o = -3*x + 3 - 2. Let a be x/(3/6) - -4. Let y(f) = -f**2 + 3*f - 2. Determine y(a).
0
Let y = -2 - -4. Suppose 0 = -3*v + y + 4. Let j(n) = n**3 + 2 + 2*n**2 + 0*n - 2*n**3 - 3*n. Give j(v).
-4
Let q(l) = -l**2 - 10*l - 9. Suppose -5*o - 11 = -y, 4*y - 38 = 6*y + 5*o. What is q(y)?
0
Let n = -35 + 32. Let u(j) be the first derivative of 2*j**2 - j + 2. Let x(l) = -l. Let r(h) = n*x(h) - u(h). Calculate r(0).
1
Let g(q) = -q**2 + 3*q + 5. Let n be (-6)/(-27) - 86/(-18). Suppose -n*v + 11 + 9 = 0, -v + 29 = 5*s. Give g(s).
-5
Let h(p) = p**2 + 6*p + 3. Let n = -31 - -25. Calculate h(n).
3
Let a(o) = -467*o - 4 + o**2 + 926*o - 462*o. Suppose 0 = 5*y - 3*r - 35, 4 = -4*y - 0*r - 4*r. What is a(y)?
0
Suppose 3 + 2 = -5*d. Let m = 4 - 2. Let i(f) = 0*f + 9*f + 1 - m. Determine i(d).
-10
Let z(t) be the third derivative of t**8/6720 - t**7/360 + t**5/24 + t**4/24 - 5*t**2. Let r(w) be the second derivative of z(w). Calculate r(7).
5
Suppose m = -2*y - 1, 5 = 5*y + m + 15. Let l be 0 + -4*y/6. Let k(f) = -f + 2. Calculate k(l).
0
Let s(h) = -7*h**3 - h**2 - 2*h - 1. Let m(w) = 6*w**3 + 2*w. Let j(g) = 6*m(g) + 5*s(g). Determine j(4).
-13
Let l(h) be the first derivative of 2*h**3 - 12. What is l(-1)?
6
Let l(p) = 5*p**3 - 9*p**2 - 2*p - 7. Let b(m) = m**3 - m**2 - m. Let r = -1 + 0. Let x(g) = r*l(g) + 4*b(g). What is x(5)?
-3
Let n(b) = -3*b**2 + 1. Let r(a) = a**3 - 3*a**2 - 3*a + 1. Let z be r(4). Suppose -z*g + 26 - 10 = -3*f, -3*g = 2*f - 2. Give n(f).
-11
Let q(f) = -9*f - 6. Let r(p) = p - 1. Let v(m) = 3*m - 4. Let u(x) = 7*r(x) - 2*v(x). Let a(z) = 3*q(z) + 24*u(z). Determine a(4).
-6
Let h(o) = -o**2 + 1. Let u(z) = 2*z**2 - z + 4. Suppose -11 = 2*d - 5. Let v(b) = d*h(b) + u(b). Let i = 2 - 1. Give v(i).
5
Let l(j) = j**3 - 5*j**2 + 3*j - 1. Suppose -2*i + 25 = 1. Suppose 3*f + 4*o - 5*o - i = 0, -3*o = 0. Calculate l(f).
-5
Let a(r) = r + 1. Let q(g) = -g**2 + 10*g + 7. Let i(k) = 5*a(k) - q(k). What is i(4)?
-6
Let z = -3 + 2. Let g = 0 - z. Let w(v) = 11*v**2 - 5*v - 3*v + 11*v + 1 - 4*v. Give w(g).
11
Let d be ((-20)/25)/(2/(-5)). Let u(c) = 2 - d + 4 + 2*c. Give u(3).
10
Let u(p) = p**3 - 7*p**2 + 9*p - 8. Let b be u(6). Let q = b - 16. Let v(j) = -j - 4. Give v(q).
2
Let x(u) = u**2 - 5*u - 4. Suppose b = 4*z - 13, -5*z + 7 + 13 = 0. Suppose -b*t - t = -20. Determine x(t).
-4
Let p(t) = t**2 - t - 6. Let l = 1 - -2. Let j(x) be the second derivative of x**5/20 - x**4/4 - 3*x. Let c be j(l). Give p(c).
-6
Let s = 0 - -8. Let o(q) = q**3 - 7*q**2 - 10*q + 11. Let i be o(s). Let p(l) = l**2 + 5*l - 3. Calculate p(i).
-3
Let h(n) = -n**3 - 5*n**2 + 6*n. Let y = -14 + 24. Suppose y*o - 6 = 11*o. What is h(o)?
0
Let f(t) = 0*t + 6*t + 2 + t - 10*t + t**2. Suppose w + 2*d + 18 = 3*w, -33 = -5*w + 2*d. What is f(w)?
12
Let c = -4 + 6. Let v(w) be the third derivative of 1/120*w**6 - 1/20*w**5 + 0*w - 1/3*w**3 + 1/8*w**4 - 2*w**2 + 0. Give v(c).
0
Let r(m) be the first derivative of -m**2/2 - m - 2. Give r(6).
-7
Let r(h) be the first derivative of h**3/3 - h**2/2 - 3*h + 5. Give r(0).
-3
Let i(v) be the second derivative of -v**7/2520 - v**6/180 + v**5/20 + v**4/6 + 2*v. Let q(u) be the third derivative of i(u). Let d = -39 + 33. Give q(d).
-6
Let k(o) = -o**3 + 3*o**2 + 2. Let f(u) = -u**2 - 5*u. Let l be f(-4). Let w be (2/(-3))/(l/(-18)). Determine k(w).
2
Let i(v) = -2 + 3*v**2 + 6*v**3 - v - 4*v**3 + 0*v. Suppose 13*j + 29 - 3 = 0. Give i(j).
-4
Suppose -3*z + 5 = -10. Let l(i) be the third derivative of 0 - 1/60*i**5 + 7/6*i**3 - i**2 + 5/24*i**4 + 0*i. Give l(z).
7
Suppose 12 = 2*n + 4. Let u be (-3 - -3 - n) + 3. Let v(t) be the second derivative of -2*t**4/3 + t**2/2 - t. Determine v(u).
-7
Let z(i) = -4*i**2 + 10*i - 13. Let m(r) = 5*r**2 - 10*r + 14. Let g(n) = 3*m(n) + 4*z(n). Determine g(8).
6
Let k(l) = -l**3 + 4*l**2 + 2*l - 4. Suppose -s = -7 + 3. Determine k(s).
4
Let m(w) = w**3 - 6*w**2 + 2*w - 5. Let q = 9 + -3. Suppose q + 0 = 2*l. Let r be 4/(0 + 2/l). What is m(r)?
7
Suppose 0*p = 2*p - 2. Let d(j) be the first derivative of j**2 - j + 13. What is d(p)?
1
Suppose -4*y - h - 16 = 0, -h = 2*y - 0*y + 10. Let s(g) = -11*g**2 - 12*g + 17. Let v(j) = -4*j**2 - 4*j + 6. Let k(w) = y*s(w) + 8*v(w). Give k(-4).
-3
Let c be (4/10)/(-7 + (-973)/(-140)). Let t(k) = k**3 + 9*k**2 + 8*k - 2. Calculate t(c).
-2
Let l(x) = 1 + 14*x + 0 - 1. Determine l(-1).
-14
Let j(c) be the second derivative of 0 - 1/360*c**6 + 1/8*c**4 + 0*c**2 + 1/3*c**3 + 2*c + 1/120*c**5. Let w(i) be the second derivative of j(i). What is w(0)?
3
Suppose -3*b + 2 = -13. Let o = -1 + 4. Let p(a) = -b + a - 9 + o. Calculate p(5).
-6
Let u(l) = l**3 - 4*l**2 - 3*l + 1. Suppose -2*n + 5*f + 5 = -0*n, -18 = -3*n - 3*f. Give u(n).
11
Let w(o) = -9*o - 2. Suppose -3*d + 1 = 16. Let l(c) = 5*c + 1. Suppose -2 = 5*m - 2*y + 3, -3*m - 5*y - 34 = 0. Let x(h) = d*l(h) + m*w(h). What is x(2)?
5
Let z(n) = 10*n + 4. Let l(o) = 11*o + 5. Let r(w) = 2*l(w) - 3*z(w). Give r(-2).
14
Let h(u) be the second derivative of 7*u**5/20 + 11*u. Calculate h(1).
7
Let w(l) = l**3 + 5*l**2 + 3*l. Let c(u) = -u**3 - 5*u**2 - 2*u + 1. Let g(v) = 3*c(v) + 2*w(v). Give g(-4).
-13
Let b(h) = -25*h + 21. Let d(v) = -5*v + 4. Let g(i) = -2*b(i) + 11*d(i). Determine g(3).
-13
Let v = 1 + -7. Let a(f) = -f**3 - 5*f**2 + 8*f + 7. Let y be a(v). Let k(h) = h**2 + 5*h - 1. Determine k(y).
-1
Suppose -1 - 4 = -w. Let f(x) = 3 + 263*x**3 - 523*x**3 - 6*x - 4*x**2 + 261*x**3. What is f(w)?
-2
Let i(t) = -3*t + 0*t - 4*t**2 - 4 + t**2. Let k(v) = 2*v**2 + 3*v + 3. Let r(g) = -4*i(g) - 5*k(g). Let m = 6 - 4. Calculate r(m).
3
Let b(d) be the first derivative of d**3/3 + 15*d**2/2 - 16*d + 5. Let l be b(-16). Let t(s) = -s - 4. Give t(l).
-4
Suppose 0 = -f - 4*y - 7, -30 = -4*f + f + 5*y. Let t(r) = -r**2 - 2*r - 5. Let a(m) = -6*m**2 - 9*m - 26. Let w(s) = -2*a(s) + 11*t(s). Determine w(f).
2
Suppose -4 = 2*p - p. Let m(h) be the third derivative of -h**6/120 - h**5/10 - 5*h**4/24 + h**3/3 + 2*h**2. What is m(p)?
-10
Let x(u) = -u**2 + 3*u - 4. Suppose -5*t + 10 + 10 = 0. Give x(t).
-8
Let p(g) = -2*g - 7*g**3 - 1 - g**2 + 6*g**3 + 3*g. Give p(0).
-1
Let w(v) = -v**3 + 6*v**2 - v - 1. Let x = 9 + -9. Suppose 10 = s + 5*i - 8, s + 4*i - 18 = x. Suppose 2*g + g = s. Determine w(g).
-7
Let f be 13 + -14 + (3 - 0). Let z(x) = -3*x**2 - 6*x + f*x**2 + 3*x. Let o(i) = i**2 + 8*i + 8. Let n be o(-6). Determine z(n).
-4
Let d(r) = r**2 + 2*r - 5. Let c = 11 - 7. Suppose -4*j - 4*i = c, 7 = -3*j + 3*i - 14. Calculate d(j).
3
Suppose -w - 3*w - 8 = 0. Let b(v) be the second derivative of v**4/4 + v**3/6 + 8*v + 5. Give b(w).
10
Let m(w) be the first derivative of w**4/4 + w**3/3 - w**2 + 4. What is m(-2)?
0
Let m(p) = 4*p**3 - 7*p**2 + 6*p + 8. Suppose -2*z = z + 15. Let r(n) = 5*n**3 - 8*n**2 + 7*n + 9. Let x(b) = z*r(b) + 6*m(b). Give x(-3).
9
Let f(t) = -3*t**2 - t - 1. Suppose 4 = -5*o - 6. Let h be (-1)/(4/((-8)/o)). What is f(h)?
-3
Let j(k) be the third derivative of k**6/360 + k**5/40 - k**3/6 - 3*k**2. Let l(h) be the first derivative of j(h). Suppose 21 = -4*g + 5. Give l(g).
4
Let p(f) = 11*f**3. Let c = 3 - 5. Let z be 3/6*-1*c. Calculate p(z).
11
Let d be (-15 - -3)*1/3. Let x(v) = -v**3 - 5*v**2 - 5*v - 4. What is x(d)?
0
Let d(w) = w + 3. Let p(b) = b - 1. Let a(o) = d(o) + 2*p(o). Let q be 72/(-42) + (-4)/14. Calculate a(q).
-5
Let m(a) be the first derivative of -a**3/3 + 3*a**2 - 4*a - 1. Suppose w = 3*d + 19 - 0, 37 = 3*w - 5*d. Suppose 3*j - 2*j - w = 0. Give m(j).
4
Suppose -5*n - 25 - 5 = 0. Let m(v) = 3*v + 9. What is m(n)?
-9
Let n(y) = y**3 + 7*y**2 - 9*y - 10. Let f = -103 - -95. Calculate n(f).
-2
Let j(w) = w**2 + 5*w + 1. Let b be -3 + 3/(-6)*-14. Let s = -158 + 283. Let l be s/(-20) + 1/b. Give j(l).
7
Let o(z) = -2*z**3 - 2*z**2 - 2*z + 3*z + z. Suppose 6*a = 3*a + 12.